{"id":3737,"date":"2014-05-17T16:26:55","date_gmt":"2014-05-17T14:26:55","guid":{"rendered":"https:\/\/www.carmelocelona.com\/index.php\/evento\/pianificazione-territoriale-e-trasporti-copy-copy-copy\/"},"modified":"2025-07-12T15:57:33","modified_gmt":"2025-07-12T13:57:33","slug":"pianificazione-territoriale-e-trasporti-copy-copy-copy","status":"publish","type":"evento","link":"https:\/\/www.carmelocelona.com\/index.php\/evento\/pianificazione-territoriale-e-trasporti-copy-copy-copy\/","title":{"rendered":"Piazza Niosi &#8211; Patti"},"content":{"rendered":"<p>Incontro Dibattito:<\/p>\n<p>&#8220;<strong><em>Piazza Niosi &#8211; Patti\u201d<\/em><\/strong><\/p>\n<p><strong><em>Il luogo della memoria perduta<\/em><\/strong><\/p>\n<p>Patti 17 maggio 2014 &#8211; ore 17.00<\/p>\n<p>Sala Parrocchiale Chiesa S. Andrea \u00a0\u2013 Piazza Niosi<\/p>\n<p>&nbsp;<\/p>\n<p>evento organizzato da:<\/p>\n<p><strong>Italia Nostra (Presidio Nebrodi)<\/strong><\/p>\n<p>&nbsp;<\/p>\n<p><strong>Introduzione<\/strong>:<\/p>\n<p>&#8211; dott.ssa Angela Pipit\u00f2 (<em>Responsabile Italia Nostra Presidio dei Nebrodi<\/em>);<\/p>\n<p>&nbsp;<\/p>\n<p><strong>Relatori<\/strong>:<\/p>\n<p>&#8211; arch. Carmelo Celona<\/p>\n<p>\u201c<em>Genius Loci degli spazi urbani: rafforzamento e sottrazione<\/em>\u201d<\/p>\n<p>&nbsp;<\/p>\n<p>&#8211; dott.ssa Giordana Marletta<\/p>\n<p>\u201c<em>Agor\u00e0: le origini della socialit\u00e0<\/em>\u201d<\/p>\n<p>&nbsp;<\/p>\n<p>&nbsp;<\/p>\n<p>I lavori sono stati centrati sull\u2019intervento di alterazione della antica piazza sita nel centro storico di Patti. Un luogo pieno di memoria e d\u2019identit\u00e0 che sta per essere trasformato in modo radicale cancellando ogni preesistenza per ricavarne un parcheggio a raso azzerando il podio che configurava lo spazio di relazione e tagliando violentemente tutti gli alberi che costituivano un peristilio vegetale allo spazio medesimo.<\/p>\n<p>&nbsp;<\/p>\n<p>La relazione dell&#8217;arch. Celona<\/p>\n<p><strong><em>\u201cGenius Loci degli spazi urbani: rafforzamento e sottrazione\u201d<\/em><\/strong><\/p>\n<p>Illustra come ogni insediamento \u00e8 un fatto complesso, riguarda l\u2019uomo ed \u00e8 compiuto con motivazioni del tutto umane, per quanto oscure e inutili. Svelare queste motivazioni pu\u00f2 fornire alcuni indizi per individuare le interdipendenze tra valore e forma dell\u2019ambiente.<\/p>\n<p>La forma dell\u2019ambiente dipende dai valori umani di chi la determina.<\/p>\n<p>Il podio di Piazza Niosi rendeva alla piazza una condizione di intimit\u00e0 urbana. Una elegante condizione di intimit\u00e0 urbana. I gradini che vincevano pendenza del luogo ponevano questo spazio urbano su una piattaforma come il podio di un tempio greco<\/p>\n<p>Un filare di alberi che ne delimitava il perimetro fungendo da naturale peristilio che isolava lo spazio destinato alla socializzazione da quello destinato al transito veicolare.<\/p>\n<p>La superficie della piattaforma assumeva un atteggiamento, un importante ruolo sociale quanto il sacrato della chiesa che su quello spazio si affacciava.<\/p>\n<p>&nbsp;<\/p>\n<p>La orizzontalizzazione dello spazio attraverso la realizzazione del podio, permetteva due funzioni: quella di spazio relazionale cittadino e quella di spazio relazionale religioso. Il podio supplisce, durante le cerimonie e le feste religiose, alla carenza di sacrato delle due chiese e in particolare della chiesa di San Nicola.<\/p>\n<p>Luogo in cui la domanda di socializzazione laica e quella religiosa si fondono.<\/p>\n<p>Durante i giorni feriali il podio diventava il fulcro di scambi sociali e commerciali, di tutta la zona urbana in cui ricade. Un\u2019area urbana in forte pendenza, faticosa da vivere, un ambiente urbano impervio, da scalare. Risolto da frequenti gradinate che conducono tutte alla piazza, dove si trova uno dei pochi spazi orizzontali dove sostare e dove senza fatica svolgere tutte le funzioni relazionali: tempo libero, gioco, riposo senile, piccolo commercio, polo commerciale avventizio, mercato settimanale di ambulanti, piccolo polo artigianale, spazio per eventi culturali, incontri politici, avvenimenti religiosi, svago domenicale.<\/p>\n<p>L\u2019orizzontalit\u00e0 ci riferisce forte Genius loci. Il podio distingueva la superficie e per specializzarla ad una funzione vitale per la comunit\u00e0. La funzione commerciale degli scambi di merci e di beni. La piazza \u00e8 uno spazio ad alta centralit\u00e0. Perch\u00e9 in esso convergono addirittura sette strade. E il podio sottolineava questa centralit\u00e0 di spazio piccolo risparmiato a favore di una funzione socializzate e discreta.<\/p>\n<p>La nuova scelta di riqualificazione rischia di cancellare l\u2019anima di quel luogo, neutralizzando qualsiasi funzione di spazio di socializzazione.<\/p>\n<p>Recuperare i luoghi delle citt\u00e0, riqualificandoli, significa dare la possibilit\u00e0 alle citt\u00e0 stesse\u00a0 di continuare a esistere nel tempo, non a cancellarne la storia e gi elementi identitario che in essi si trovano. Significa continuare a far esistere ci\u00f2 che c\u2019\u00e8 sempre stato in quei luoghi rigenerati rafforzando il Genius loci, non sopprimerlo.<\/p>\n<p>Il Genius loci non va cancellato, va valorizzato, attualizzato, potenziato.<\/p>\n<p>Le piazze sono il cuore pulsante delle citt\u00e0:<\/p>\n<p>Senza il podio Piazza Niosi perde le seguenti funzioni:<\/p>\n<p>&#8211;\u00a0\u00a0\u00a0\u00a0\u00a0\u00a0\u00a0\u00a0 i bambini non giocheranno pi\u00f9 in sicurezza e sul piano;<\/p>\n<p>&#8211;\u00a0\u00a0\u00a0\u00a0\u00a0\u00a0\u00a0\u00a0 spazio di scambi commerciali, piccolo mercatino;<\/p>\n<p>&#8211;\u00a0\u00a0\u00a0\u00a0\u00a0\u00a0\u00a0\u00a0 spazio orizzontale dove non si fa fatica a sostare;<\/p>\n<p>&#8211;\u00a0\u00a0\u00a0\u00a0\u00a0\u00a0\u00a0\u00a0 spazio per le festa;<\/p>\n<p>&#8211;\u00a0\u00a0\u00a0\u00a0\u00a0\u00a0\u00a0\u00a0 spazio per la socializzazione dei pensionati;<\/p>\n<p>&#8211;\u00a0\u00a0\u00a0\u00a0\u00a0\u00a0\u00a0\u00a0 spazio per eventi culturali;<\/p>\n<p>&#8211;\u00a0\u00a0\u00a0\u00a0\u00a0 \u00a0\u00a0\u00a0luogo di conoscenza;<\/p>\n<p>&#8211;\u00a0\u00a0\u00a0\u00a0\u00a0\u00a0\u00a0\u00a0 la piazza \u00e8 espressione della tradizione civile e culturale di una comunit\u00e0.<\/p>\n<p>&nbsp;<\/p>\n<p>&nbsp;<\/p>\n<p>Piazza Niosi era come un tempio greco senza cella fatta solo di un peristilio costituito, non da colonne stilizzate, ma da tronchi di alberi. Questi alberi verranno estirpati<\/p>\n","protected":false},"featured_media":3739,"template":"","cat_attivita":[5],"_links":{"self":[{"href":"https:\/\/www.carmelocelona.com\/index.php\/wp-json\/wp\/v2\/evento\/3737"}],"collection":[{"href":"https:\/\/www.carmelocelona.com\/index.php\/wp-json\/wp\/v2\/evento"}],"about":[{"href":"https:\/\/www.carmelocelona.com\/index.php\/wp-json\/wp\/v2\/types\/evento"}],"wp:featuredmedia":[{"embeddable":true,"href":"https:\/\/www.carmelocelona.com\/index.php\/wp-json\/wp\/v2\/media\/3739"}],"wp:attachment":[{"href":"https:\/\/www.carmelocelona.com\/index.php\/wp-json\/wp\/v2\/media?parent=3737"}],"wp:term":[{"taxonomy":"cat_attivita","embeddable":true,"href":"https:\/\/www.carmelocelona.com\/index.php\/wp-json\/wp\/v2\/cat_attivita?post=3737"}],"curies":[{"name":"wp","href":"https:\/\/api.w.org\/{rel}","templated":true}]}}

<p>Incontro Dibattito:</p>
<p>&#8220;<strong><em>Piazza Niosi &#8211; Patti”</em></strong></p>
<p><strong><em>Il luogo della memoria perduta</em></strong></p>
<p>Patti 17 maggio 2014 &#8211; ore 17.00</p>
<p>Sala Parrocchiale Chiesa S. Andrea  – Piazza Niosi</p>
<p>&nbsp;</p>
<p>evento organizzato da:</p>
<p><strong>Italia Nostra (Presidio Nebrodi)</strong></p>
<p>&nbsp;</p>
<p><strong>Introduzione</strong>:</p>
<p>&#8211; dott.ssa Angela Pipitò (<em>Responsabile Italia Nostra Presidio dei Nebrodi</em>);</p>
<p>&nbsp;</p>
<p><strong>Relatori</strong>:</p>
<p>&#8211; arch. Carmelo Celona</p>
<p>“<em>Genius Loci degli spazi urbani: rafforzamento e sottrazione</em>”</p>
<p>&nbsp;</p>
<p>&#8211; dott.ssa Giordana Marletta</p>
<p>“<em>Agorà: le origini della socialità</em>”</p>
<p>&nbsp;</p>
<p>&nbsp;</p>
<p>I lavori sono stati centrati sull’intervento di alterazione della antica piazza sita nel centro storico di Patti. Un luogo pieno di memoria e d’identità che sta per essere trasformato in modo radicale cancellando ogni preesistenza per ricavarne un parcheggio a raso azzerando il podio che configurava lo spazio di relazione e tagliando violentemente tutti gli alberi che costituivano un peristilio vegetale allo spazio medesimo.</p>
<p>&nbsp;</p>
<p>La relazione dell&#8217;arch. Celona</p>
<p><strong><em>“Genius Loci degli spazi urbani: rafforzamento e sottrazione”</em></strong></p>
<p>Illustra come ogni insediamento è un fatto complesso, riguarda l’uomo ed è compiuto con motivazioni del tutto umane, per quanto oscure e inutili. Svelare queste motivazioni può fornire alcuni indizi per individuare le interdipendenze tra valore e forma dell’ambiente.</p>
<p>La forma dell’ambiente dipende dai valori umani di chi la determina.</p>
<p>Il podio di Piazza Niosi rendeva alla piazza una condizione di intimità urbana. Una elegante condizione di intimità urbana. I gradini che vincevano pendenza del luogo ponevano questo spazio urbano su una piattaforma come il podio di un tempio greco</p>
<p>Un filare di alberi che ne delimitava il perimetro fungendo da naturale peristilio che isolava lo spazio destinato alla socializzazione da quello destinato al transito veicolare.</p>
<p>La superficie della piattaforma assumeva un atteggiamento, un importante ruolo sociale quanto il sacrato della chiesa che su quello spazio si affacciava.</p>
<p>&nbsp;</p>
<p>La orizzontalizzazione dello spazio attraverso la realizzazione del podio, permetteva due funzioni: quella di spazio relazionale cittadino e quella di spazio relazionale religioso. Il podio supplisce, durante le cerimonie e le feste religiose, alla carenza di sacrato delle due chiese e in particolare della chiesa di San Nicola.</p>
<p>Luogo in cui la domanda di socializzazione laica e quella religiosa si fondono.</p>
<p>Durante i giorni feriali il podio diventava il fulcro di scambi sociali e commerciali, di tutta la zona urbana in cui ricade. Un’area urbana in forte pendenza, faticosa da vivere, un ambiente urbano impervio, da scalare. Risolto da frequenti gradinate che conducono tutte alla piazza, dove si trova uno dei pochi spazi orizzontali dove sostare e dove senza fatica svolgere tutte le funzioni relazionali: tempo libero, gioco, riposo senile, piccolo commercio, polo commerciale avventizio, mercato settimanale di ambulanti, piccolo polo artigianale, spazio per eventi culturali, incontri politici, avvenimenti religiosi, svago domenicale.</p>
<p>L’orizzontalità ci riferisce forte Genius loci. Il podio distingueva la superficie e per specializzarla ad una funzione vitale per la comunità. La funzione commerciale degli scambi di merci e di beni. La piazza è uno spazio ad alta centralità. Perché in esso convergono addirittura sette strade. E il podio sottolineava questa centralità di spazio piccolo risparmiato a favore di una funzione socializzate e discreta.</p>
<p>La nuova scelta di riqualificazione rischia di cancellare l’anima di quel luogo, neutralizzando qualsiasi funzione di spazio di socializzazione.</p>
<p>Recuperare i luoghi delle città, riqualificandoli, significa dare la possibilità alle città stesse  di continuare a esistere nel tempo, non a cancellarne la storia e gi elementi identitario che in essi si trovano. Significa continuare a far esistere ciò che c’è sempre stato in quei luoghi rigenerati rafforzando il Genius loci, non sopprimerlo.</p>
<p>Il Genius loci non va cancellato, va valorizzato, attualizzato, potenziato.</p>
<p>Le piazze sono il cuore pulsante delle città:</p>
<p>Senza il podio Piazza Niosi perde le seguenti funzioni:</p>
<p>&#8211;         i bambini non giocheranno più in sicurezza e sul piano;</p>
<p>&#8211;         spazio di scambi commerciali, piccolo mercatino;</p>
<p>&#8211;         spazio orizzontale dove non si fa fatica a sostare;</p>
<p>&#8211;         spazio per le festa;</p>
<p>&#8211;         spazio per la socializzazione dei pensionati;</p>
<p>&#8211;         spazio per eventi culturali;</p>
<p>&#8211;         luogo di conoscenza;</p>
<p>&#8211;         la piazza è espressione della tradizione civile e culturale di una comunità.</p>
<p>&nbsp;</p>
<p>&nbsp;</p>
<p>Piazza Niosi era come un tempio greco senza cella fatta solo di un peristilio costituito, non da colonne stilizzate, ma da tronchi di alberi. Questi alberi verranno estirpati</p>
