{"id":3772,"date":"2014-10-14T17:05:37","date_gmt":"2014-10-14T15:05:37","guid":{"rendered":"https:\/\/www.carmelocelona.com\/index.php\/evento\/pianificazione-territoriale-e-trasporti-copy-copy-copy-copy-copy-copy\/"},"modified":"2025-07-13T21:13:26","modified_gmt":"2025-07-13T19:13:26","slug":"pianificazione-territoriale-e-trasporti-copy-copy-copy-copy-copy-copy","status":"publish","type":"evento","link":"http:\/\/www.carmelocelona.com\/index.php\/evento\/pianificazione-territoriale-e-trasporti-copy-copy-copy-copy-copy-copy\/","title":{"rendered":"Gli Archetipi della Bellezza"},"content":{"rendered":"<p>Convegno sul tema:<\/p>\n<p>&#8220;<strong><em>\u201cGli Archetipi della Bellezza a Messina\u201d<\/em><\/strong><\/p>\n<p>&nbsp;<\/p>\n<p>Messina 14.10.2014 &#8211; ore 20.30<\/p>\n<p>Royal Palace Hotel<\/p>\n<p>via T. Cannizzaro \u2013\u00a0 Messina<\/p>\n<p>&nbsp;<\/p>\n<p>evento organizzato da:<\/p>\n<p><strong>Rotary Club Messina<\/strong><\/p>\n<p>&nbsp;<\/p>\n<p><strong>Introduzione<\/strong>:<\/p>\n<p>&#8211; Avv. Salvatore Alleruzzo (<em>Presidente Rotary Club Messina<\/em>);<\/p>\n<p>&nbsp;<\/p>\n<p><strong>Relatore<\/strong>:<\/p>\n<p>&#8211; arch. Carmelo Celona<\/p>\n<p>&nbsp;<\/p>\n<p>La relazione dell&#8217;arch. Celona<\/p>\n<p>&#8220;<strong>Squarci di Memoria: gkli archetipi della Bellezza a Messina<em>&#8221; <\/em><\/strong><\/p>\n<p>illustra come il sentimento del bello \u00e8 un sentimento che ha valenze etico morali\u00a0 che si esprime attraverso modelli estetici e modelli culturali. Con l&#8217;aggettivo &#8220;bello&#8221; indichiamo anche tutto ci\u00f2 che riteniamo conforme ai nostri principi ideali. Dal punto di vista individuale questo sentimento varia a seconda del percorso esistenziale, culturale ed estetico d&#8217;ognuno. Dal punto di vista collettivo, il sentimento della bellezza esprime canoni estetici diversi a seconda dei valori dominanti dei vari contesti storici in cui si forma e secondo le morali che in quei contesti si sviluppano.<\/p>\n<p>Questi valori, espressione delle dinamiche sociali, politiche, economiche e culturali del tempo, nell&#8217;arte e nell&#8217;architettura trovano la loro comunicazione icastica.<\/p>\n<p>I processi culturali, in architettura, determinano le sue forme. L&#8217;architettura \u00e8 una narrazione di pietra il cui involucro plasticizza la categoria culturale dominante che l&#8217;ha determinata.<\/p>\n<p>L&#8217;architettura e un&#8217;esperienza estetica: un&#8217;esperienza culturale che coinvolge tutti che determina e condiziona il gusto di chi la vive, orientandolo verso la categoria del bello o verso il brutto a seconda\u00a0 se della qualit\u00e0 artistica dei suoi segni (evolutivi o regressivi).<\/p>\n<p>L&#8217;architettura nel momento in cui contestualizza un luogo attira su di se processi di identificazione tra il luogo e chi lo abita divenendo immagine di sintesi nella quale si riconosce una collettivit\u00e0, un popolo (Il Colosseo per i romani, San Cataldo per i palermitani, la Mole Antonelliana per i torinesi, la Torre Effeil per i parigini, eTc&#8230;). Assume un portato simbolico che diventa archetipo.<\/p>\n<p>Messina citt\u00e0 che purtroppo non vanta una stratificazione coerente dei nel libro di pietra delle sue architetture poich\u00e8 eventi sismici e non solo hanno reso sfogato quel mosaico immaginario in cui vi \u00e8 scritta la storia di ogni citt\u00e0. Del mosaico della citt\u00e0 di Messina restano solo poche tessere, sporadiche e malconce.<\/p>\n<p>Ed in queste tessere, sfogate ed integre, che faremo un viaggio (dalla chiesa dei Catalani alla Badiazza, dal San Maria di Mili al Monte di Piet\u00e0, Dall&#8217;architettura Umbertina dei palazzi Pubblici del dopo terremoto all&#8217;eclettismo dei palazzi privati, dall&#8217;Edilizia economica della Legge Luzzatti, a quella neorealista di Ridolfi, Dal Razionalismo di Rovigo all&#8217;esperienza espressiva del Cavaliere Cammarata.). Si indagheranno queste architetture attraverso una lettura pi\u00f9 semiotica e meno contemplativa considerandoli come squarci luminosi di memorie perdute, di memorie recuperate e di memorie recenti, immagini di sintesi, archetipi della bellezza di Messina.<\/p>\n<p>&nbsp;<\/p>\n<p>&nbsp;<\/p>\n","protected":false},"featured_media":3769,"template":"","cat_attivita":[4],"_links":{"self":[{"href":"http:\/\/www.carmelocelona.com\/index.php\/wp-json\/wp\/v2\/evento\/3772"}],"collection":[{"href":"http:\/\/www.carmelocelona.com\/index.php\/wp-json\/wp\/v2\/evento"}],"about":[{"href":"http:\/\/www.carmelocelona.com\/index.php\/wp-json\/wp\/v2\/types\/evento"}],"wp:featuredmedia":[{"embeddable":true,"href":"http:\/\/www.carmelocelona.com\/index.php\/wp-json\/wp\/v2\/media\/3769"}],"wp:attachment":[{"href":"http:\/\/www.carmelocelona.com\/index.php\/wp-json\/wp\/v2\/media?parent=3772"}],"wp:term":[{"taxonomy":"cat_attivita","embeddable":true,"href":"http:\/\/www.carmelocelona.com\/index.php\/wp-json\/wp\/v2\/cat_attivita?post=3772"}],"curies":[{"name":"wp","href":"https:\/\/api.w.org\/{rel}","templated":true}]}}

<p>Convegno sul tema:</p>
<p>&#8220;<strong><em>“Gli Archetipi della Bellezza a Messina”</em></strong></p>
<p>&nbsp;</p>
<p>Messina 14.10.2014 &#8211; ore 20.30</p>
<p>Royal Palace Hotel</p>
<p>via T. Cannizzaro –  Messina</p>
<p>&nbsp;</p>
<p>evento organizzato da:</p>
<p><strong>Rotary Club Messina</strong></p>
<p>&nbsp;</p>
<p><strong>Introduzione</strong>:</p>
<p>&#8211; Avv. Salvatore Alleruzzo (<em>Presidente Rotary Club Messina</em>);</p>
<p>&nbsp;</p>
<p><strong>Relatore</strong>:</p>
<p>&#8211; arch. Carmelo Celona</p>
<p>&nbsp;</p>
<p>La relazione dell&#8217;arch. Celona</p>
<p>&#8220;<strong>Squarci di Memoria: gkli archetipi della Bellezza a Messina<em>&#8221; </em></strong></p>
<p>illustra come il sentimento del bello è un sentimento che ha valenze etico morali  che si esprime attraverso modelli estetici e modelli culturali. Con l&#8217;aggettivo &#8220;bello&#8221; indichiamo anche tutto ciò che riteniamo conforme ai nostri principi ideali. Dal punto di vista individuale questo sentimento varia a seconda del percorso esistenziale, culturale ed estetico d&#8217;ognuno. Dal punto di vista collettivo, il sentimento della bellezza esprime canoni estetici diversi a seconda dei valori dominanti dei vari contesti storici in cui si forma e secondo le morali che in quei contesti si sviluppano.</p>
<p>Questi valori, espressione delle dinamiche sociali, politiche, economiche e culturali del tempo, nell&#8217;arte e nell&#8217;architettura trovano la loro comunicazione icastica.</p>
<p>I processi culturali, in architettura, determinano le sue forme. L&#8217;architettura è una narrazione di pietra il cui involucro plasticizza la categoria culturale dominante che l&#8217;ha determinata.</p>
<p>L&#8217;architettura e un&#8217;esperienza estetica: un&#8217;esperienza culturale che coinvolge tutti che determina e condiziona il gusto di chi la vive, orientandolo verso la categoria del bello o verso il brutto a seconda  se della qualità artistica dei suoi segni (evolutivi o regressivi).</p>
<p>L&#8217;architettura nel momento in cui contestualizza un luogo attira su di se processi di identificazione tra il luogo e chi lo abita divenendo immagine di sintesi nella quale si riconosce una collettività, un popolo (Il Colosseo per i romani, San Cataldo per i palermitani, la Mole Antonelliana per i torinesi, la Torre Effeil per i parigini, eTc&#8230;). Assume un portato simbolico che diventa archetipo.</p>
<p>Messina città che purtroppo non vanta una stratificazione coerente dei nel libro di pietra delle sue architetture poichè eventi sismici e non solo hanno reso sfogato quel mosaico immaginario in cui vi è scritta la storia di ogni città. Del mosaico della città di Messina restano solo poche tessere, sporadiche e malconce.</p>
<p>Ed in queste tessere, sfogate ed integre, che faremo un viaggio (dalla chiesa dei Catalani alla Badiazza, dal San Maria di Mili al Monte di Pietà, Dall&#8217;architettura Umbertina dei palazzi Pubblici del dopo terremoto all&#8217;eclettismo dei palazzi privati, dall&#8217;Edilizia economica della Legge Luzzatti, a quella neorealista di Ridolfi, Dal Razionalismo di Rovigo all&#8217;esperienza espressiva del Cavaliere Cammarata.). Si indagheranno queste architetture attraverso una lettura più semiotica e meno contemplativa considerandoli come squarci luminosi di memorie perdute, di memorie recuperate e di memorie recenti, immagini di sintesi, archetipi della bellezza di Messina.</p>
<p>&nbsp;</p>
<p>&nbsp;</p>
