{"id":120,"date":"2005-04-25T13:04:13","date_gmt":"2005-04-25T11:04:13","guid":{"rendered":"http:\/\/www.carmelocelona.com\/?post_type=evento&#038;p=120"},"modified":"2025-07-13T12:22:57","modified_gmt":"2025-07-13T10:22:57","slug":"il-fenomeno-coppede-a-messina","status":"publish","type":"evento","link":"http:\/\/www.carmelocelona.com\/index.php\/evento\/il-fenomeno-coppede-a-messina\/","title":{"rendered":"Il Fenomeno Copped\u00e8 a Messina"},"content":{"rendered":"<p>&nbsp;<\/p>\n<p>Conferenza sul tema:<\/p>\n<p>&#8220;<strong><em>Il fenomeno Copped\u00e8 a Messina\u201d<\/em><\/strong><\/p>\n<p><strong><em>Le opere di Copped\u00e8 e la loro influenza nella rinascita della citt\u00e0 dopo il 1908<\/em><\/strong><\/p>\n<p>&nbsp;<\/p>\n<p>Messina 23 aprile 202005 &#8211; ore 17.00<\/p>\n<p>Salone delle Bandiere \u00a0\u2013 Palazzo Zanca &#8211; Messina<\/p>\n<p>&nbsp;<\/p>\n<p>evento organizzato da:<\/p>\n<p><strong>Comune di Messina<\/strong><\/p>\n<p><strong>Legambiente dei Peloritani <\/strong><\/p>\n<p><strong>Spazio Libero Officina Artistica <\/strong><\/p>\n<p>&nbsp;<\/p>\n<p><strong>Introduzione<\/strong>:<\/p>\n<p>&#8211; prof. Marcello Amico\u00a0 (<em>della Direzione Regionale di Legambiente Sicilia<\/em>);<\/p>\n<p>&nbsp;<\/p>\n<p><strong>Relatore<\/strong>:<\/p>\n<p>&#8211; arch. Carmelo Celona<\/p>\n<p>&nbsp;<\/p>\n<p><strong>interventi<\/strong>:<\/p>\n<ul>\n<li>prof. Alberto Giuffr\u00e8\u00a0 \u00a0 \u00a0(<em>docente Universit\u00e0 del Mediterraneo<\/em>)\u00a0;<\/li>\n<li>Antonino Principato \u00a0\u00a0\u00a0(<em>Esperto di Storia Patria<\/em>) ;<\/li>\n<li>ing. Vincenzo Colavecchio \u00a0\u00a0\u00a0(<em>della Direzione Regionale di Legambiente Sicilia)<\/em>;<\/li>\n<\/ul>\n<p>&nbsp;<\/p>\n<p>I lavori sono stati centrati sulla figura dell\u2019architetto Gino Copped\u00e8, architetto fiorentino che intervenne tra i primi nella ricostruzione della citt\u00e0 di Messina influenzando con la sua marcata espressivit\u00e0 il linguaggio delle architetture della nuova Messina.<\/p>\n<p>&nbsp;<\/p>\n<p>La relazione dell&#8217;arch. Celona<\/p>\n<p>&#8220;<strong>L\u2019architettura<\/strong> <strong><em>Gino Copped\u00e8 e la sua influenza a nella ricostruzione della Citta di Messina dopo il 1908&#8243; <\/em><\/strong><\/p>\n<p>illustra uno studio inedito sulla l\u2019opera di Gino Copped\u00e8 a Messina comparata con le altre esperienze dell&#8217;architetto fiorentino operate a Genova e Roma. Il lavoro rappresentato individua analizza ed elenca tutte le opere realizzate dell\u2019architetto fiorentino nella citt\u00e0 peloritana, molte delle quali di nuova attribuzione grazie ad un lungo lavoro di ricerca archivistica e di studio. La relazione compulsa tutto l\u2019universo coppedeano anticipando alcuni elementi di un lavoro inedito sull\u2019opera omnia del funambolico architetto toscano.<\/p>\n<p>&nbsp;<\/p>\n<p>&nbsp;<\/p>\n<div id=\"attachment_164\" style=\"width: 548px\" class=\"wp-caption alignleft\"><img loading=\"lazy\" decoding=\"async\" aria-describedby=\"caption-attachment-164\" class=\"wp-image-164 size-full\" src=\"http:\/\/www.carmelocelona.com\/wp-content\/uploads\/2021\/08\/Brocure-del-programma-interno.jpg\" alt=\"Brocure-del-programma-interno.jpg\" width=\"538\" height=\"1024\" srcset=\"http:\/\/www.carmelocelona.com\/wp-content\/uploads\/2021\/08\/Brocure-del-programma-interno.jpg 538w, http:\/\/www.carmelocelona.com\/wp-content\/uploads\/2021\/08\/Brocure-del-programma-interno-158x300.jpg 158w, http:\/\/www.carmelocelona.com\/wp-content\/uploads\/2021\/08\/Brocure-del-programma-interno-480x914.jpg 480w\" sizes=\"(max-width: 538px) 100vw, 538px\" \/><p id=\"caption-attachment-164\" class=\"wp-caption-text\">Brocure-del-programma-interno.jpg<\/p><\/div>\n<div id=\"attachment_163\" style=\"width: 548px\" class=\"wp-caption alignnone\"><img loading=\"lazy\" decoding=\"async\" aria-describedby=\"caption-attachment-163\" class=\"wp-image-163 size-full\" src=\"http:\/\/www.carmelocelona.com\/wp-content\/uploads\/2021\/08\/Brocure-del-programma-esterno.jpg\" alt=\"Brocure-del-programma-esterno.jpg\" width=\"538\" height=\"1024\" \/><p id=\"caption-attachment-163\" class=\"wp-caption-text\">Brocure-del-programma-esterno.jpg<\/p><\/div>\n","protected":false},"featured_media":161,"template":"","cat_attivita":[5,4],"_links":{"self":[{"href":"http:\/\/www.carmelocelona.com\/index.php\/wp-json\/wp\/v2\/evento\/120"}],"collection":[{"href":"http:\/\/www.carmelocelona.com\/index.php\/wp-json\/wp\/v2\/evento"}],"about":[{"href":"http:\/\/www.carmelocelona.com\/index.php\/wp-json\/wp\/v2\/types\/evento"}],"wp:featuredmedia":[{"embeddable":true,"href":"http:\/\/www.carmelocelona.com\/index.php\/wp-json\/wp\/v2\/media\/161"}],"wp:attachment":[{"href":"http:\/\/www.carmelocelona.com\/index.php\/wp-json\/wp\/v2\/media?parent=120"}],"wp:term":[{"taxonomy":"cat_attivita","embeddable":true,"href":"http:\/\/www.carmelocelona.com\/index.php\/wp-json\/wp\/v2\/cat_attivita?post=120"}],"curies":[{"name":"wp","href":"https:\/\/api.w.org\/{rel}","templated":true}]}}

Il Fenomeno Coppedè a Messina

<p>&nbsp;</p>
<p>Conferenza sul tema:</p>
<p>&#8220;<strong><em>Il fenomeno Coppedè a Messina”</em></strong></p>
<p><strong><em>Le opere di Coppedè e la loro influenza nella rinascita della città dopo il 1908</em></strong></p>
<p>&nbsp;</p>
<p>Messina 23 aprile 202005 &#8211; ore 17.00</p>
<p>Salone delle Bandiere  – Palazzo Zanca &#8211; Messina</p>
<p>&nbsp;</p>
<p>evento organizzato da:</p>
<p><strong>Comune di Messina</strong></p>
<p><strong>Legambiente dei Peloritani </strong></p>
<p><strong>Spazio Libero Officina Artistica </strong></p>
<p>&nbsp;</p>
<p><strong>Introduzione</strong>:</p>
<p>&#8211; prof. Marcello Amico  (<em>della Direzione Regionale di Legambiente Sicilia</em>);</p>
<p>&nbsp;</p>
<p><strong>Relatore</strong>:</p>
<p>&#8211; arch. Carmelo Celona</p>
<p>&nbsp;</p>
<p><strong>interventi</strong>:</p>
<ul>
<li>prof. Alberto Giuffrè     (<em>docente Università del Mediterraneo</em>) ;</li>
<li>Antonino Principato    (<em>Esperto di Storia Patria</em>) ;</li>
<li>ing. Vincenzo Colavecchio    (<em>della Direzione Regionale di Legambiente Sicilia)</em>;</li>
</ul>
<p>&nbsp;</p>
<p>I lavori sono stati centrati sulla figura dell’architetto Gino Coppedè, architetto fiorentino che intervenne tra i primi nella ricostruzione della città di Messina influenzando con la sua marcata espressività il linguaggio delle architetture della nuova Messina.</p>
<p>&nbsp;</p>
<p>La relazione dell&#8217;arch. Celona</p>
<p>&#8220;<strong>L’architettura</strong> <strong><em>Gino Coppedè e la sua influenza a nella ricostruzione della Citta di Messina dopo il 1908&#8243; </em></strong></p>
<p>illustra uno studio inedito sulla l’opera di Gino Coppedè a Messina comparata con le altre esperienze dell&#8217;architetto fiorentino operate a Genova e Roma. Il lavoro rappresentato individua analizza ed elenca tutte le opere realizzate dell’architetto fiorentino nella città peloritana, molte delle quali di nuova attribuzione grazie ad un lungo lavoro di ricerca archivistica e di studio. La relazione compulsa tutto l’universo coppedeano anticipando alcuni elementi di un lavoro inedito sull’opera omnia del funambolico architetto toscano.</p>
<p>&nbsp;</p>
<p>&nbsp;</p>
<div id="attachment_164" style="width: 548px" class="wp-caption alignleft"><img loading="lazy" decoding="async" aria-describedby="caption-attachment-164" class="wp-image-164 size-full" src="http://www.carmelocelona.com/wp-content/uploads/2021/08/Brocure-del-programma-interno.jpg" alt="Brocure-del-programma-interno.jpg" width="538" height="1024" srcset="http://www.carmelocelona.com/wp-content/uploads/2021/08/Brocure-del-programma-interno.jpg 538w, http://www.carmelocelona.com/wp-content/uploads/2021/08/Brocure-del-programma-interno-158x300.jpg 158w, http://www.carmelocelona.com/wp-content/uploads/2021/08/Brocure-del-programma-interno-480x914.jpg 480w" sizes="(max-width: 538px) 100vw, 538px" /><p id="caption-attachment-164" class="wp-caption-text">Brocure-del-programma-interno.jpg</p></div>
<div id="attachment_163" style="width: 548px" class="wp-caption alignnone"><img loading="lazy" decoding="async" aria-describedby="caption-attachment-163" class="wp-image-163 size-full" src="http://www.carmelocelona.com/wp-content/uploads/2021/08/Brocure-del-programma-esterno.jpg" alt="Brocure-del-programma-esterno.jpg" width="538" height="1024" /><p id="caption-attachment-163" class="wp-caption-text">Brocure-del-programma-esterno.jpg</p></div>
